 and t.
47
Suppose 5*v = -5*y + 41 + 214, 5*y = 2*v - 95. Calculate the highest common divisor of v and 1725.
25
Let v(m) = m**3 - 8*m**2 + 8*m - 17. Let z be v(7). Let t be (-2)/(1*4/z). Suppose 184 = t*r - 116. Calculate the highest common divisor of r and 24.
12
Suppose 6*f - 117 = 183. Let s(b) = b**2 + b. Let h be s(-1). Suppose 4*y + y - 100 = h. What is the highest common factor of f and y?
10
Let s be (-2)/(-4) + (-12)/(72/(-165)). Let d(n) = 10*n + 2. Let h be d(4). Calculate the greatest common factor of s and h.
14
Let m(i) = -i**3 - i**2 - 1. Let a be m(-3). Let y be (2 - (-32)/(-28))*2975/50. Calculate the highest common divisor of a and y.
17
Suppose 0 = -5*p - 22*p + 2835. What is the highest common factor of p and 15?
15
Suppose -m - 2 = 8. Let d = m - -25. Suppose 3*v = 23 + 22. What is the highest common divisor of d and v?
15
Let h = 5 + -5. Suppose 4*s - 2*c = c + 114, h = 3*s + 5*c - 100. What is the greatest common divisor of s and 60?
30
Let f be ((-16)/(-10))/(65/1300). What is the highest common factor of 104 and f?
8
Suppose 22*o - 31*o = -1935. What is the highest common factor of o and 129?
43
Let u(k) = -k**3 + 9*k**2 + 10*k - 4. Let s be u(10). Let j be (1 - 22/4)*s. Suppose 0 = 2*p - 138 + j. What is the highest common factor of 15 and p?
15
Suppose d + 2*k + 0 = 19, 5*d - 100 = -5*k. Let m(f) = -f**3 + 8*f + 4. Let a be m(-3). What is the greatest common factor of d and a?
7
Suppose -4*c - 284 - 312 = -2*u, -c - 1777 = -6*u. Let o be (-1 + 2)/1*37. What is the greatest common factor of o and u?
37
Let q be -4 + 64/10 + (-30)/75. Calculate the highest common factor of 122 and q.
2
Let k be (2 - 9/3) + 1. Suppose k = 5*z + 15, 2*x + 11 = -5*z - 0. Calculate the greatest common divisor of x and 22.
2
Let x(d) = -d**3 + 20*d**2 - d + 26. Let h be x(20). Suppose h*r - 56 = -r. What is the highest common divisor of 88 and r?
8
Let z be (938/(-4))/7*-2. Let v = -15 - -19. Suppose 5*r - z = -5*w + 238, -3*w = -v*r + 237. Calculate the highest common divisor of r and 12.
12
Let k(i) = -i**3 + 11*i**2 - 12*i + 10. Let h be k(9). Suppose -3*x + 21 = -0*x. Suppose -f + x + 1 = 0. What is the highest common divisor of f and h?
8
Let z(r) = 2*r. Let f be z(1). Let k = 766 - 765. Calculate the greatest common divisor of k and f.
1
Let f(j) = -j**3 + 27*j**2 - j + 34. Let c be f(27). What is the greatest common factor of c and 399?
7
Let a = 5 - -1. Suppose 0 = -3*i - 21 - 183. Let o = i - -116. What is the greatest common divisor of a and o?
6
Let w = 83 + -49. Let f be w/(-3)*1*-12. What is the greatest common factor of 17 and f?
17
Let o be 2 - (-200)/(-30)*(2 + -20). Let s = -98 + o. Calculate the highest common divisor of s and 6.
6
Let t = 119 + -77. Let h = -7 + t. What is the greatest common factor of h and 5?
5
Let c be (1 - 4/4)/(-2). Suppose -3*p = -c*p. Suppose -b + 6 = -p*b. Calculate the highest common divisor of 9 and b.
3
Suppose -447 = -29*m + 17. Calculate the greatest common factor of 1072 and m.
16
Let a(z) = z**3 + 2*z**2 - 9*z - 1. Let n be a(-4). Suppose -4*o + 4 = 0, 5 + 14 = 2*q - n*o. What is the highest common divisor of 11 and q?
11
Suppose -3*k + 4*i = -18, 6 = k - 4*i - 0. Suppose 42 = -k*v + 20*v. What is the highest common divisor of 12 and v?
3
Suppose 0 = 5*a - 0*a - 20. Let m be ((-3)/4)/((-1)/a). Let w be 104/1 - (3 - m). What is the highest common divisor of w and 26?
26
Let h = 44 - 41. Let k = 18 + -16. Suppose 0 = 4*d + 1 + 7, -10 = -3*j + k*d. Calculate the highest common factor of j and h.
1
Let f = -49 + 70. Suppose 0 = 3*h - 4*z + 2*z - f, 0 = -3*h + z + 24. Calculate the greatest common divisor of h and 72.
9
Suppose -29 = -3*q + 4*a, -3*a + 2*a = -4*q + 43. Let l = -1272 - -1613. Calculate the highest common divisor of l and q.
11
Let s(h) = h**2 + h - 10. Let q be s(6). Suppose 5*v - 128 = 2*n, 0 = 5*v + 2*n - 23 - 89. Calculate the highest common divisor of v and q.
8
Suppose -5*n + 38 = -127. What is the highest common factor of 6 and n?
3
Let v = -99 + 141. Let n be 0 - (1/2)/((-16)/128). Suppose n*c + v = 182. Calculate the greatest common divisor of c and 7.
7
Let t = 29 - 12. Let q(b) = -40*b + 816. Let i be q(17). Calculate the greatest common divisor of i and t.
17
Let m(n) = -n**3 + 8*n**2 + 14*n + 45. Let k be m(-5). Calculate the greatest common divisor of 20 and k.
20
Let h be ((-2 - -3) + 0)*27. Let r(v) = 2*v**3 + 4*v**2 - 3*v - 3. Let w be r(-4). Let y = w + 82. Calculate the highest common divisor of y and h.
27
Suppose -1 - 265 = -2*b. Suppose -757 = -x - 4*x + 2*g, -x + 5*g = -b. What is the greatest common divisor of 17 and x?
17
Suppose -3*p - 135 = -2*f + 2*p, 0 = -f - 2*p + 54. Let a be (7 - 145/20)*0 + 40. What is the highest common factor of f and a?
20
Suppose d - 3 = 6. Let v be 11/(-22) + (-23)/(-2). Let z = v - 5. What is the highest common factor of z and d?
3
Let q be 1 - (-1 - (-4 - -5)). Let g be 10/(-25) + (-64)/(-10). Suppose w = u + q*w - g, -4*w = u - 8. What is the greatest common factor of u and 2?
2
Let v(q) = 3*q**2 - 21*q - 15. Let f be v(10). Let t(i) = i**3 - 13*i**2 + 16*i - 18. Let y be t(12). Calculate the greatest common divisor of f and y.
15
Let s = -65 + 69. Suppose 0 = s*o + 5*p - 3*p - 150, 0 = -3*p + 9. Calculate the greatest common divisor of o and 24.
12
Let l(n) = 31*n**3 + n**2 - n. Let r be l(1). Let w = 30 - r. Let p be w/(-3) + 2632/42. Calculate the highest common divisor of p and 7.
7
Suppose -173*z + 168*z + 150 = 0. Calculate the highest common divisor of 45 and z.
15
Suppose -10*p + 16*p = 2706. What is the highest common divisor of p and 22?
11
Let k be (-14)/(-49) + 636/(-21). Let f = -16 - k. What is the highest common factor of f and 2?
2
Let s(f) = -9*f + 76. Let b be s(6). Calculate the greatest common divisor of b and 2.
2
Let r be 590/14 - 1/7. Calculate the highest common divisor of r and 756.
42
Suppose 5*p = 6*p. Suppose 2*f - 88 = -5*o, -4*f - 7 + 23 = p. What is the highest common factor of o and 8?
8
Let s be (128 + -129)*(-1 + -86 + -1). Calculate the highest common factor of s and 66.
22
Let n = -392 - -752. Calculate the greatest common factor of n and 90.
90
Suppose 3*r + w = -0 + 4, r - 4*w + 16 = 0. Suppose 315 = -r*h + 3*h. Calculate the greatest common factor of h and 42.
21
Let r be 30/(-40) - 5/(20/(-227)). What is the highest common divisor of 56 and r?
56
Suppose 0 = 13*w - 1796 - 5484. What is the highest common factor of 35 and w?
35
Let t = 209 - 340. Let y = t + 212. Let u(l) = -l**3 + 12*l**2 + 15*l - 17. Let c be u(13). Calculate the highest common divisor of c and y.
9
Suppose 10*x = 2*x + 32. Suppose -7*k - x = -32. Let s(v) = -v**3 + 7*v**2 - v - 2. Let y be s(6). What is the highest common factor of k and y?
4
Suppose -13 = -2*b - k, 0 = -b + k - 5*k + 10. Suppose 0 = 5*c - 7*c - 4. Let w be (-2)/((-4)/2) - c. What is the highest common factor of b and w?
3
Suppose -n = 0, 3*p = 8*p + 2*n - 20. Let o(s) = s**2 + s - 2. Let r be o(5). Calculate the highest common factor of r and p.
4
Suppose 18*w = 271 + 593. What is the highest common factor of w and 512?
16
Let h(t) = 25*t - 116. Let m be h(5). What is the greatest common divisor of m and 1?
1
Suppose 4*l - d - 165 = 0, -l + 5*d + 36 + 10 = 0. Suppose 4*t + 5*u - l = 0, 33 + 12 = 3*t - u. Calculate the highest common divisor of t and 126.
14
Suppose 4*z = 2*m - 354, 0*m + 4*m + 12 = 0. Let b be ((-2)/1)/(4/z). Let o be (((-770)/21)/11)/((-4)/6). Calculate the highest common factor of o and b.
5
Let y = -3 + 3. Suppose y*t + 4*t - 52 = 0. What is the highest common factor of 26 and t?
13
Let q(k) = 20 + 0*k + k - 8. Let l be q(-8). Suppose 5*p - l*t = 320, -3*p + 0*t = t - 192. What is the highest common divisor of 8 and p?
8
Let m(a) be the first derivative of -a**4/4 - 8*a**3/3 - 7*a**2 + 2*a + 12. Let i be m(-6). Calculate the greatest common divisor of 126 and i.
14
Suppose -564 - 6597 = -7*o. What is the greatest common divisor of o and 66?
33
Let n be 1/(-4 - (-54)/12). Calculate the highest common factor of 53 and n.
1
Let d = -220 - -280. Calculate the highest common factor of 45 and d.
15
Suppose -15*b + 380 = 4*b. Calculate the highest common factor of b and 250.
10
Let l(o) = 14*o - 5. Let m be l(1). Calculate the hi